 Let m(z) = -19*z**2 + 1. Determine m(a).
-18
Let q(t) = -4*t + 1. Let d(i) = 9*i - 1. Let m(g) = 3*d(g) + 7*q(g). Determine m(4).
0
Let g(q) = q**2 - 5*q - 2. Let u be g(5). Let c(w) = -9*w - 1. Determine c(u).
17
Let k be -4 + 1 - 7/(-1). Let w(n) = n**2 - 5*n + 1. What is w(k)?
-3
Suppose -q = -2*q. Let x(d) = q - d - 1 - 1. Give x(-4).
2
Let c(u) be the third derivative of -u**8/6720 + u**7/840 - u**6/360 - u**5/120 - u**4/12 + 5*u**2. Let s(v) be the second derivative of c(v). Calculate s(3).
-7
Let b(u) = -u - 3. Let q(v) = v**2 - 5*v. Let p be q(5). Give b(p).
-3
Let k(n) = -2 - n**2 + 3*n + 2 + 3*n**2 + 1. What is k(-3)?
10
Let a(y) be the second derivative of 4*y**3/3 - 3*y**2 + y + 32. Determine a(4).
26
Let t(q) = q - 13. Let y be ((-88)/(-20))/(2/5). Let c be t(y). Let p(z) be the third derivative of z**5/30 + z**4/6 + z**3/2 - z**2. Calculate p(c).
3
Let d(v) = 1 - 17*v + 0 + 19*v. Give d(-2).
-3
Let m(o) = -o**3 + 5*o**2 + o**3 + o**3 - 4 - o. Let y be (-2)/2*(-1 + -6). Suppose y*a - a + 30 = 0. Give m(a).
1
Let a be (-1)/3 - 7/(21/2). Let z(w) = 2*w + 1. Calculate z(a).
-1
Let t(q) = -q**3 - 2*q**2 + 7*q**2 + 3 + 2*q - 9*q**2. Calculate t(-2).
-9
Let t be (-13 + 16)/(1 + -2). Let a(z) = 2*z**2 + 2*z - 1. Give a(t).
11
Let b(n) = 4*n - 2 - 9 + n**2 + 11. Give b(-5).
5
Let r(f) = -7*f - f**3 + f + f**3 - f**3 + 5*f**2. Determine r(4).
-8
Let l(x) = 5*x + 1. Let g = 9 + -8. Suppose -5*w = g + 4. Calculate l(w).
-4
Let b = -14 - -12. Let p be (1 - (-2 - -4))*b. Let r(f) = 2*f + 2. Give r(p).
6
Let q(n) = n**3 + 7*n**2 - n - 4. Let k be q(-7). Suppose -2*u + k*j - 10 = 0, 0*u = -2*u - 5*j + 22. Let b(c) = 10*c**2 + c - 1. Determine b(u).
10
Let y(q) = q**2 + 5*q - 6. Let k = 9 - 15. Calculate y(k).
0
Let p(n) = -2*n + 11. Let c(a) = 2*a - 13. Let s(j) = -6*c(j) - 7*p(j). Calculate s(1).
3
Let m be (91/(-28))/(2/(-8)). Suppose -8*g = -m*g + 10. Let u(j) = 4*j - 6. Let k(z) = 12*z - 17. Let i(o) = -3*k(o) + 8*u(o). Give i(g).
-5
Let d(n) = 2*n + 5. Let m(z) = -2*z - 4. Let q(x) = 6*d(x) + 5*m(x). Determine q(-9).
-8
Let j be (-21)/(-6) + (-2)/4. Let f(a) = 2*a - j + 1 + 4. Calculate f(3).
8
Let u(c) = -2*c**2 + 4*c + 1. Let x = 14 - 20. Let p be (14/x)/((-1)/(-3)). Let k(y) = -3*y**2 + 6*y + 2. Let g(w) = p*u(w) + 5*k(w). Give g(-2).
-5
Suppose 7 = -2*d + 1. Let f(a) be the third derivative of -a**6/120 - a**5/30 + 5*a**4/24 + a**3/3 - 55*a**2. Determine f(d).
-4
Suppose -2*v = -10 + 22. Let g be (0 - 1)*(v + 11). Let a(k) = 6*k**3 + 10*k**2 + 6*k. Let r(j) = 5*j**3 + 9*j**2 + 5*j. Let h(q) = 4*a(q) - 5*r(q). Give h(g).
5
Let z(i) = i**3 + 7*i**2 + 6*i + 5. Let m be z(-6). Suppose 5*g - 35 = 4*u, 0 = 5*g - 2*u - 14 - 11. Let c(h) = 6*h**2 + 6 - h - h - h**g - 3*h. What is c(m)?
6
Let j(x) be the first derivative of x**3/3 - x**2 - x - 2. Suppose -2*u = -4*u - 2. Give j(u).
2
Suppose w + 4*i - 14 = 0, -4*w - i + 11 = -0*w. Suppose -w*n = -n. Suppose n*o = -2*z - 3*o + 15, -2*z = 4*o - 18. Let g(b) = -b**2 + 3*b - 1. What is g(z)?
-1
Let p be (-148)/(-6) + 14/42. Let h(n) = 10*n - 1 + 12*n + 0*n**2 - p*n + n**2 + 2*n**3. Determine h(-2).
-7
Suppose -10 + 22 = -6*z. Let m(y) = 4*y**2 + y - 2. What is m(z)?
12
Let w(n) = -n**2 - 10*n. Let v(t) = -t**2 - 11*t - 1. Let m(f) = 4*v(f) - 5*w(f). Give m(-6).
-4
Let s = 1 + 0. Let x(n) = -4*n - n**2 + 4*n + s. Let w be x(-2). Let b(j) = j**2 + 2*j + 2. What is b(w)?
5
Let c(j) = -2*j + 5*j + 16 - 15. Calculate c(3).
10
Let w = -7 - -4. Let s(r) be the third derivative of r**4/24 + r**3/2 + r**2. Determine s(w).
0
Let b = -5 - -6. Let v(o) = o + 3*o + 6*o + b + o. Give v(1).
12
Suppose 3*w - 4 = -3*s + 2, s = 5*w + 14. Let k(b) = 1 + 4 - 10 + 3*b. Calculate k(s).
7
Suppose -2*t + 0 + 10 = 0. Let b(q) = -7*q**2 + 5*q - 4. Let p(z) = 3*z**2 - 3*z + 2. Let h(a) = 2*b(a) + 5*p(a). Give h(t).
2
Let r = 13 - 9. Let x be r/(-18) + 6/27. Let q(h) = -h**2 + 3. What is q(x)?
3
Let k(z) be the third derivative of z**5/60 + z**4/4 + 5*z**3/6 + 20*z**2. Let b(l) = l**2 - 7*l - 4. Let q be b(7). Determine k(q).
-3
Let o(z) = 4*z**2 + 4*z + 3. Let h = 30 + -19. Suppose 2*t + h - 3 = 0, -2*x - t - 4 = 0. Suppose -3*q + 2*a + 0*a = x, -3*a - 5 = -2*q. Determine o(q).
11
Let j(c) = 2*c**2 + 8*c - 9. Let u(s) = 3*s**2 + 9*s - 10. Let t(x) = -4*j(x) + 3*u(x). Let q(g) = -g**3 + g**2 - g + 5. Let o be q(0). What is t(o)?
6
Let z(d) = 30*d**2 + 37*d**2 - 68*d**2 - 4 + 8*d. What is z(8)?
-4
Let s(w) = -2*w - 3. Let q(c) = -2*c**3 + 11*c**2 + 5*c - 1. Let m(d) = d**3 - 5*d**2 - 2*d + 1. Let z(t) = -5*m(t) - 2*q(t). Let h be z(3). Calculate s(h).
3
Let b(g) be the third derivative of g**5/60 + g**4/8 + g**3 + g**2. Let c(d) = -1. Let v(i) = b(i) + 4*c(i). What is v(-3)?
2
Let i(g) = -3*g - 7. Let o(m) = m**2 + 3*m + 4. Let q be o(-3). Suppose -7*t - 15 = -q*t. Determine i(t).
8
Let f(l) = -1 + 5*l + 0 - 2*l**2 + l**2. Let d(z) = -2*z - 1. Suppose -5*w + w = 8. Let g be d(w). What is f(g)?
5
Let i(n) = -n**3 + 3*n**2. Let k(q) = -3*q**2 + 2*q - 2*q**3 + q**3 - q. Let j be k(-4). Suppose -j = -3*x - x. Give i(x).
0
Let w(d) = d**3 + 12*d**2 - 10*d + 11. Let u(p) = p**3 + 2*p**2 - p + 1. Let x(a) = 2*u(a) - w(a). What is x(7)?
-2
Suppose 5*y - 5 = 5. Let f be (y + 0)*28/14. Let u(b) = -b**3 + 5*b**2 - 6*b. Determine u(f).
-8
Let w = 69 + -62. Let r(m) = -m**2 + 9*m - 10. What is r(w)?
4
Let v = 0 + 1. Let b(q) = 8*q - 6. Let g(k) = 8*k - 5. Let z(j) = -4*b(j) + 5*g(j). Calculate z(v).
7
Let t(f) = 4*f - 2. Suppose -w - 2*u - 3 = 0, 2*w - 4*u - 10 - 16 = 0. What is t(w)?
18
Let m = -1 + -1. Let h = 0 + m. Let t(p) = -2*p**3 - 2. Give t(h).
14
Let u(y) be the second derivative of y**5/20 - y**3/6 + y**2 - y. Determine u(-2).
-4
Let i(w) = w**3 - w**2 + 4*w - 3. Let u(t) = -3*t - 5. Let z be u(-5). Suppose 3*m - 6*m + 3*h = -18, -3*h - z = m. Calculate i(m).
9
Suppose -2*t - 56 = -6*t. Let m = t + -8. Suppose -h = 2*h - m. Let i(f) = 3*f + 2. What is i(h)?
8
Let r(u) = -26*u**2 - 14*u - 14. Let d(f) = 9*f**2 + 5*f + 5. Let a(x) = 11*d(x) + 4*r(x). Let w be a(-1). Let i(p) = 4 - p**2 - 4*p - p + 2*p. What is i(w)?
-6
Let l = -4 + 9. Let y be (8/10)/(1/l). Let s(v) = -6*v + 3*v - v + 3*v. What is s(y)?
-4
Let s(z) be the first derivative of -3*z**2/2 - 6*z + 1. Suppose -6 = -3*g, 5*q - g + 18 = q. Calculate s(q).
6
Let m(d) = -d**3 - d**2 + d. Let n = 16 - 14. Give m(n).
-10
Let k(c) = c**2 - c + 5. Let d be ((-12)/(-2))/(8/(-12)). Let q be 0*3/d*1. What is k(q)?
5
Let h(w) = 2 + w + 1 - 2. Let y(a) = -3*a - 7. Let i(q) = 4*q + 6. Let m(f) = -6*i(f) - 5*y(f). Let u(j) = 6*h(j) + m(j). Give u(4).
-7
Let v(j) = j**3 - 4*j**2 - 6*j. Let d = -109 - -114. What is v(d)?
-5
Let f(z) = -z**3 - z**2. Let a be f(-1). Let j(y) = 6*y**3 - 5*y**2 - 5*y - 5. Let s(c) = -7*c**3 + 6*c**2 + 6*c + 6. Let x(w) = 6*j(w) + 5*s(w). Give x(a).
0
Let o(h) = h - 3. Let q be o(5). Let n(d) = -1 - 3*d + 1 - 7 + q*d. Determine n(-4).
-3
Let w = -6 - -4. Let r(g) = -4. Let d(s) = -3*s - 2*s + 4 - 5 + 6*s. Let o(j) = -3*d(j) + r(j). Calculate o(w).
5
Let d(t) = t**3 + 4*t**2 - 2*t + 7. Suppose -5*f + 8*f + 15 = 0. Determine d(f).
-8
Let w(s) = -s**2 + 6*s. Let g be w(4). Let j be (-39)/12 - (-2)/g. Let z(m) = -m**2 + m + 3. Determine z(j).
-9
Suppose 5*x + z + 12 = 0, 0 = -x + z + z + 2. Let b(w) = 4*w**2 - 28*w - 34. Let s(r) = -r**2 + 9*r + 11. Let l(c) = x*b(c) - 7*s(c). Give l(-6).
-3
Let g(v) be the second derivative of -v**5/20 + v**4/3 + v**3 + 5*v**2/2 + 4*v. Determine g(5).
10
Let n be ((-4)/(-3))/(4/6). Let y be (-92)/28 - 2/(-7). Let a = n - y. Let z(b) = b - 7. Give z(a).
-2
Let v(n) be the third derivative of n**6/120 - n**3/6 + 2*n**2 + 4. Let m be (2/(-4))/((-1)/2). What is v(m)?
0
Let n(l) = -l**2. Let g be n(-1). Let o(v) = v**2 - 1. Let i(r) = -7*r**2 + 5*r + 6. Let h(u) = g*i(u) - 6*o(u). Calculate h(5).
0
Let l(z) be the third derivative of z**8/6720 - z**7/2520 - z**6/240 - z**5/120 + z**4/12 + 2*z**2. Let a(c) be the second derivative of l(c). Determine a(-2).
-7
Let k(d) = -52*d + 31*d + d**2 + 22*d - 13 - d**3. Determine k(0).
-13
Let b(a) = -4*a**2 + 0*a**3 - a**3 + 0*a**2 + a + 0*a**3. Let k be (12/18)/((-1)/6). Calculate b(k).
-4
Let y = 4 - -2. Let a(o) be the first derivative of -o**2/2 + 8. Calculate a(y).
-6
Let m(w) be the